2 - 2*x - 20. Let g(v) = -3*c(v) - 5*q(v). Is 5 a factor of g(5)?
True
Does 37 divide 3/(-1*3*(-1)/74)?
True
Suppose 5*a + 10 = 10*a. Suppose a*r = r + 114. Is 19 a factor of r?
True
Is (-3734)/(-18) - 32/72 a multiple of 9?
True
Let h(l) = -4*l**2 - 8*l + 6*l**2 + 8 - 3*l**2 + 2*l**2. Is 8 a factor of h(8)?
True
Does 67 divide (-16)/(-72) - 20246/(-18)?
False
Suppose 2*t + 3*i = 1297, -1 - 2 = 3*i. Is 12 a factor of t?
False
Let c(q) = -4*q**3 + 4*q**2 + 4*q - 17. Let b(u) = -2*u**3 + 2*u**2 + 2*u - 9. Let g(j) = 7*b(j) - 4*c(j). Is 30 a factor of g(3)?
False
Let j be (-2)/(((-4)/(-6))/((-8)/6)). Suppose -r = 4*i - 36, -2*i - r - j + 22 = 0. Is 9 a factor of i?
True
Suppose 5*q - 108 = 117. Suppose 162 - 8 = 14*l. Let v = q + l. Is v a multiple of 7?
True
Let k(i) = -12*i**3 - i**2 - 3*i + 1. Let f(d) = -35*d**3 - 3*d**2 - 8*d + 3. Let w(y) = 4*f(y) - 11*k(y). Is 13 a factor of w(-2)?
False
Let l(c) = -2*c. Let h be l(3). Let i(t) = 40*t**3 - 3*t**2 + 17*t - 30. Let x be i(2). Is x/h*1/(-4) a multiple of 13?
True
Let n be (-21)/(-14)*(1 + 1). Suppose -2*q - n*w + 23 = 0, 51 = 4*q - 4*w + 5*w. Is q a multiple of 5?
False
Let u(y) = 7*y - 13. Let i(z) = -6*z**2 - 3*z + 9. Let a(o) = -11*o**2 - 6*o + 18. Let l(c) = -4*a(c) + 7*i(c). Let j be l(-4). Does 11 divide u(j)?
False
Let v(x) = -x**3 + 2*x**2 + 3*x + 3. Let k be v(3). Let y(r) = 18*r + 3. Let f(j) = -8*j - 1. Let b(a) = -10*f(a) - 4*y(a). Does 6 divide b(k)?
False
Let k = -82 - -87. Suppose -k*h + 555 = -450. Is 20 a factor of h?
False
Does 13 divide (376/6)/((-8)/(-12))?
False
Suppose l = 3*c - 770, -c + l = -5*c + 1029. Is 19 a factor of c?
False
Suppose -6*a + 8670 = 4*g - 7*a, 5*g + a = 10833. Is 11 a factor of g?
True
Let p(z) = -13*z + 16*z + 0*z. Is p(10) a multiple of 11?
False
Let n be (-6)/(-4)*(-160)/(-15). Let q(z) = -3*z + 16*z**3 - n + 9*z**2 - 17*z**3 + 2*z. Does 20 divide q(8)?
True
Suppose -10*q - 2284 = -7544. Does 87 divide q?
False
Let n be ((-18)/5)/(2/(-5)). Suppose -n*y + 8 = -5*y. Suppose i = y, 0*u + 2*i = -3*u + 193. Does 21 divide u?
True
Suppose 5*h + 5*t = -1375, h + 4*h - 4*t = -1357. Does 33 divide h/14*(-26)/3?
False
Suppose 2*w + 23 = -3*l - 0*w, w = -l - 7. Is 6 a factor of (-153)/l - (0 - 1)?
True
Let a = 14 - 6. Suppose a*d - 560 = 4*d. Is 9 a factor of d?
False
Let o(z) = 2*z**2 + 3*z - 8. Let q be (-3 + 2)*7/((-35)/(-50)). Is 27 a factor of o(q)?
True
Suppose -h - 4 + 1 = r, 4*r + 3 = -h. Let t = r - -13. Does 13 divide t?
True
Let m = -733 - -1041. Is 4 a factor of m?
True
Let q(d) = 94*d**2 - 1. Let w be q(-1). Suppose 2*p - w = -p. Let b = p + -11. Is b a multiple of 6?
False
Let d(q) = q**2 + 14*q + 17. Let h be d(-13). Suppose -5*p - 78 = 4*f - 1413, 0 = -h*f + p + 1365. Suppose -2*w = 2*w - f. Does 16 divide w?
False
Suppose -4*b + 12 = 0, -5*z - 3*b + 1055 + 1329 = 0. Is z a multiple of 20?
False
Suppose 0 = 5*v + 10, 6*r - 4*r + 5*v = -18. Let p = 36 - r. Is p a multiple of 3?
False
Let l = 0 + -2. Suppose -10 = 2*g - 3*g - 3*s, 0 = 2*s + 4. Let x = g - l. Is 6 a factor of x?
True
Let i = -220 + 426. Is i a multiple of 3?
False
Let s = 298 + -268. Is 7 a factor of s?
False
Suppose -187 = -8*y + 37. Does 14 divide y?
True
Suppose 11*y = 3*u + 7*y - 40, 5*y = -20. Let c(w) = -w**3 + 11*w**2 - w + 26. Is 32 a factor of c(u)?
False
Suppose 3*w = 135 + 243. Suppose 11*h - w = -3*h. Does 2 divide h?
False
Let b = -46 + 51. Suppose -2*w - t = -237, -t + 594 = b*w + t. Is w a multiple of 40?
True
Is -2760*(1/(-5))/((-22)/(-44)) a multiple of 48?
True
Let c(j) = -j**3 + 5*j**2 + 3*j + 5. Let k be c(7). Let x = -47 - k. Does 14 divide x?
False
Let x = -5 + 79. Let y = x + -25. Is 2 a factor of y?
False
Let o(i) = 41*i**2 - 5*i. Suppose -5*w + 9 = 2*m, -2*m + w + 1 = -2. Is 14 a factor of o(m)?
True
Suppose 2*j - 3*n = 105, 2*j + 0*n = -3*n + 87. Suppose 4*g + j = 2*s, 2*s - 3*g = -0*g + 45. Does 9 divide s?
True
Suppose 0 = 6*q - 24*q + 3456. Is 13 a factor of q?
False
Let t(l) = 2*l**2 + 4*l - 90. Is t(-10) a multiple of 46?
False
Suppose -4*c + 938 + 462 = 0. Does 10 divide c?
True
Suppose 25 = 5*k, 63 = -2*z + 4*k + 765. Is z a multiple of 16?
False
Let y = 5 + -3. Suppose 0 = -3*m + y*c + 82, -m - c = -11 - 8. Is m a multiple of 12?
True
Suppose 6*h - 430 - 272 = 0. Is h a multiple of 51?
False
Suppose 3*r = -2*m - 0*m + 93, -227 = -5*m - 2*r. Suppose 0 = -4*z + 5*q + m, -2*z - 2*z = -3*q - 35. Let a = z - -22. Is a a multiple of 9?
True
Let o be (4 - (-271 - -2)) + 1. Suppose -6*z + 296 = -o. Is 19 a factor of z?
True
Is 31 a factor of (-2)/(-8)*(-32 - -3100)?
False
Suppose 0*l + 3 = -l - c, -3*c = -4*l + 23. Suppose 4*r = l*k + 2, 1 = -5*r + k + 5. Suppose -3*y + 8 = 5*d - r, -y + 4*d = -20. Is 4 a factor of y?
True
Let x = -104 + -137. Let f = 342 + x. Is 11 a factor of f?
False
Let s be (-3)/(4/(8/(-3))). Suppose s = -l - 0. Let d(b) = 7*b**2 + 2. Is d(l) a multiple of 15?
True
Let b = -187 - -272. Does 35 divide b?
False
Let a = 1602 - 358. Does 23 divide a/18 - 5/45?
True
Suppose -26*z + 28860 = -0*z. Is 14 a factor of z?
False
Suppose 3*c + j = -19, -4*c + 5*j - 38 = -0*j. Let q = c - -11. Suppose 50 = q*i + n + 10, 3*i - 7 = 5*n. Is i a multiple of 9?
True
Let p(l) = 3*l**2 + 37*l - 68. Is p(15) a multiple of 17?
False
Suppose 45 = -n - k + 135, -3*n + 3*k = -288. Is 7 a factor of (-2)/(n/(-87) - -1)?
False
Let n(j) = -4*j - 4. Let z be n(-2). Suppose 2*f + 2*s - 52 = 0, 4*f - 49 - 47 = z*s. Does 3 divide f?
False
Is 4 a factor of (-4)/12*43281/(-21)?
False
Suppose 90*t + 27456 = 106*t. Does 22 divide t?
True
Let z = -2406 + 3954. Does 36 divide z?
True
Let g(k) be the first derivative of 2*k**3/3 + 3*k - 3. Suppose -2*w + i = 3*i - 6, 0 = -4*w + 3*i + 33. Is g(w) a multiple of 25?
True
Suppose 5*u = 92 + 118. Suppose 0*w + 5*x - 87 = -4*w, 0 = -2*w - 2*x + u. Is w a multiple of 2?
True
Does 61 divide -2 + (-14)/(70/(-5805))?
True
Let c = -94 + 250. Suppose -5*n - c = 4*v, -3*n = -v + 61 + 36. Let u = n + 41. Does 3 divide u?
True
Let v = 12 - 9. Suppose 2*x + 11 + 8 = 3*l, v*x = -4*l + 48. Does 2 divide l?
False
Let p(s) = -2*s**3 + 3*s. Is p(-3) a multiple of 16?
False
Let y = 567 - 369. Suppose -y = -3*j + 3*h, -2*j = -0*h - h - 134. Does 17 divide j?
True
Let u = 2 - 4. Let j = u - 2. Let x(w) = -w**3 - 3*w**2 + 4*w + 4. Does 2 divide x(j)?
True
Let v(r) = 150*r**3 + 5*r - 5. Is 5 a factor of v(1)?
True
Let a be ((-168)/20)/((-3)/(-10)). Let o = a - -49. Does 3 divide o?
True
Let k = 446 + -314. Is k a multiple of 3?
True
Let k(w) = -w**2 - w. Let q(p) = 3*p**2 - 7*p + 2. Suppose -5*f = -0*f + 3*j + 17, -2 = -2*j. Let x(v) = f*k(v) - q(v). Is 12 a factor of x(-13)?
True
Let n be (-30)/(-16) + (-3)/(-24). Suppose -4*o + 18 = -n*o. Let d = o - -25. Is d a multiple of 17?
True
Does 113 divide ((-4)/4)/(-1 - 8128/(-8136))?
True
Suppose i = -0*i + 31. Let b be (12/(-54) - 0) + 202/18. Let j = i - b. Does 10 divide j?
True
Let g = 22 - 21. Suppose -493 = -5*q - 3*h, 5*h + 322 = 3*q - g. Does 30 divide q?
False
Let m = 1493 + 350. Is 97 a factor of m?
True
Suppose 0 = 2*s - 2 + 10, -s + 14 = h. Suppose 2*b = h - 2. Is 5 a factor of b?
False
Suppose 4*m = 12, -4*p - 3 = -p - 3*m. Suppose 7*c - p*c - 190 = 0. Does 10 divide c?
False
Suppose -12*u - 1635 - 2361 = 0. Let p = u + 694. Is 53 a factor of p?
False
Suppose -3*s + 4*j = -1802, 2*j + 5 + 5 = 0. Does 22 divide s?
True
Suppose 4*t + z - 937 = 0, 489 = 2*t + 2*z + 19. Is 39 a factor of t?
True
Let u(w) = w + 37. Is u(27) a multiple of 4?
True
Suppose 5*k + 232 = 3*h, 492 = 5*h + k + 124. Suppose -3*m + 6*m - h = 2*r, -94 = -3*m - 2*r. Suppose 0 = f - 0*u - 3*u - m, 0 = u. Is 14 a factor of f?
True
Let p = 113 + -113. Suppose 4*z - 109 - 107 = p. Does 18 divide z?
True
Suppose -52 = 4*q + 4*m, -q = -6*q + m - 59. Let r be (-273)/q + (-21)/28. Suppose -n + 2*n - r = 0. Is 11 a factor of n?
True
Suppose 8 = -2*v + 18. Is 6 a factor of (-3)/((-3)/53) - v?
True
Let i(p) = 742*p - 7. Is i(1) a multiple of 21?
True
Let k = -51 - 145. Let f be (-2)/(-9) + k/(-9). Is (-6 - -4)/((-4)/f) a multiple of 7?
False
Let q(h) = h**3 + 0 + 8 - 5*h + 5*h**2 + 0*h**2. Let t be q(-6). Is 45/t - (-5)/(-10) a multiple of 19?
False
Suppose 1024 = 3*n - 1082. Does 6 divide n?
True
Let z = 450 + -241. Is z a mul